9
List the prime factors of 508718392.
2, 7, 13, 1097
What are the prime factors of 1340673832?
2, 811, 206639
What are the prime factors of 82713713?
29, 2852197
What are the prime factors of 130297175?
5, 409, 12743
What are the prime factors of 242415713?
242415713
What are the prime factors of 460996418?
2, 383, 601823
List the prime factors of 204916575.
3, 5, 2732221
List the prime factors of 133062827.
133062827
What are the prime factors of 1425266140?
2, 5, 331, 215297
List the prime factors of 112047259.
7879, 14221
What are the prime factors of 803071222?
2, 61, 6582551
List the prime factors of 130037109.
3, 47, 109, 8461
List the prime factors of 1846126245.
3, 5, 123075083
What are the prime factors of 338231233?
4423, 76471
List the prime factors of 219288402.
2, 3, 439, 27751
List the prime factors of 49853395.
5, 9970679
What are the prime factors of 354760986?
2, 3, 59126831
List the prime factors of 880425909.
3, 11, 2964397
What are the prime factors of 15221792?
2, 475681
List the prime factors of 358270864.
2, 7, 317, 10091
List the prime factors of 903611761.
13, 17, 43, 95087
List the prime factors of 78311447.
47, 1666201
List the prime factors of 317654056.
2, 257, 154501
List the prime factors of 349362886.
2, 17, 41, 250619
List the prime factors of 1349974196.
2, 337493549
List the prime factors of 602529265.
5, 13, 251, 36931
What are the prime factors of 596765398?
2, 12893, 23143
What are the prime factors of 254142796?
2, 71, 894869
List the prime factors of 1545448556.
2, 5869, 65831
What are the prime factors of 15656124?
2, 3, 11, 83, 1429
What are the prime factors of 46517433?
3, 83, 127, 1471
List the prime factors of 4600315915.
5, 13, 61, 557, 2083
List the prime factors of 3141377153.
3141377153
What are the prime factors of 1958617897?
137, 14296481
List the prime factors of 2072958966.
2, 3, 13, 37, 719
What are the prime factors of 57667996?
2, 2113, 6823
What are the prime factors of 835508199?
3, 241, 1155613
What are the prime factors of 1042164827?
11, 94742257
What are the prime factors of 7632980610?
2, 3, 5, 254432687
List the prime factors of 3550671150.
2, 3, 5, 13, 1820857
List the prime factors of 195911362.
2, 6491, 15091
List the prime factors of 27861746.
2, 11, 31, 40853
What are the prime factors of 92020913?
601, 153113
List the prime factors of 2021173633.
5507, 367019
What are the prime factors of 95850806?
2, 149, 321647
List the prime factors of 114328874.
2, 11, 5196767
List the prime factors of 44752222.
2, 157, 359, 397
List the prime factors of 4567451.
7, 652493
What are the prime factors of 41466873?
3, 7, 19, 103, 1009
What are the prime factors of 111955338?
2, 3, 11, 41, 4597
List the prime factors of 3200458052.
2, 11, 4657, 15619
List the prime factors of 252929171.
11, 22993561
List the prime factors of 20795159.
7, 11, 41, 941
What are the prime factors of 40639781?
7, 13, 23, 19417
List the prime factors of 1700969757.
3, 53, 10697923
What are the prime factors of 1365213742?
2, 643, 1061597
What are the prime factors of 3243924701?
19, 1487, 6043
What are the prime factors of 1860515973?
3, 139, 165247
List the prime factors of 151668397.
151668397
List the prime factors of 3124284148.
2, 781071037
What are the prime factors of 40441806?
2, 3, 2246767
What are the prime factors of 93045683?
4517, 20599
List the prime factors of 3042158.
2, 7, 29, 59, 127
What are the prime factors of 18041064?
2, 3, 751711
What are the prime factors of 1535368784?
2, 67, 491, 2917
List the prime factors of 2271699612.
2, 3, 7, 13, 693437
List the prime factors of 116626152.
2, 3, 509, 9547
What are the prime factors of 66064608?
2, 3, 191, 1201
List the prime factors of 1043318594.
2, 17, 23, 59, 22613
What are the prime factors of 5085298712?
2, 13, 23, 29, 73309
List the prime factors of 129379647.
3, 31, 43, 32353
List the prime factors of 17748331.
439, 40429
What are the prime factors of 81667624?
2, 19, 537287
What are the prime factors of 3151343828?
2, 787835957
List the prime factors of 131964817.
2141, 61637
List the prime factors of 866875384.
2, 401, 270223
List the prime factors of 238173322.
2, 19, 6267719
List the prime factors of 250462691.
257, 974563
What are the prime factors of 14323500?
2, 3, 5, 1061
What are the prime factors of 4804954172?
2, 2731, 439853
What are the prime factors of 3158868911?
11, 287169901
List the prime factors of 95649308.
2, 29, 824563
List the prime factors of 11379197.
11379197
List the prime factors of 1186507501.
2087, 568523
List the prime factors of 600218509.
11, 137, 398287
List the prime factors of 27279184.
2, 67, 25447
List the prime factors of 4681810.
2, 5, 7, 66883
List the prime factors of 101895053.
13, 109, 71909
What are the prime factors of 2098634955?
3, 5, 17, 467, 17623
List the prime factors of 559386806.
2, 11, 1867, 13619
List the prime factors of 13023675.
3, 5, 7, 8269
List the prime factors of 523901223.
3, 17, 67141
What are the prime factors of 5138693?
7, 719, 1021
What are the prime factors of 181515580?
2, 5, 9075779
List the prime factors of 104790484.
2, 23, 43, 26489
List the prime factors of 7279614163.
7279614163
What are the prime factors of 130330632?
2, 3, 5430443
List the prime factors of 1047729368.
2, 7, 2672779
What are the prime factors of 611135303?
127, 4812089
What are the prime factors of 54246632?
2, 11, 616439
List the prime factors of 15945240.
2, 3, 5, 89, 1493
What are the prime factors of 294730688?
2, 7, 93983
List the prime factors of 94530551.
701, 134851
List the prime factors of 2144350926.
2, 3, 119130607
What are the prime factors of 3192948413?
911, 1123, 3121
What are the prime factors of 300359969?
7, 13, 37, 2411
List the prime factors of 6349279654.
2, 71, 44713237
List the prime factors of 1168951100.
2, 5, 31, 47, 71, 113
What are the prime factors of 3439563291?
3, 2851, 44683
What are the prime factors of 2300371531?
11059, 208009
List the prime factors of 39749607.
3, 4416623
List the prime factors of 33783962.
2, 73, 149, 1553
What are the prime factors of 4608457169?
23, 2437, 82219
What are the prime factors of 309081762?
2, 3, 11, 1561019
List the prime factors of 2536810892.
2, 7, 11, 8236399
List the prime factors of 58441804.
2, 23, 71, 389
What are the prime factors of 288103906?
2, 5813, 24781
What are the prime factors of 1333358194?
2, 7, 3719, 25609
What are the prime factors of 168390910?
2, 5, 16839091
List the prime factors of 320859937.
43, 107, 69737
List the prime factors of 34178704.
2, 7, 17, 29, 619
List the prime factors of 36019760.
2, 5, 7, 131, 491
List the prime factors of 2272682.
2, 233, 4877
List the prime factors of 237725192.
2, 337, 88177
What are the prime factors of 32846196?
2, 3, 2737183
List the prime factors of 61387882.
2, 263, 116707
List the prime factors of 372530420.
2, 5, 101, 223, 827
List the prime factors of 114185171.
251, 454921
What are the prime factors of 3250335782?
2, 1625167891
What are the prime factors of 380719383?
3, 11, 11536951
What are the prime factors of 1422398101?
2609, 545189
What are the prime factors of 59845122?
2, 3, 239, 4637
List the prime factors of 131233871.
3637, 36083
List the prime factors of 21725474.
2, 19, 79, 7237
What are the prime factors of 3102282747?
3, 31, 1235477
What are the prime factors of 2969437199?
1069, 2777771
List the prime factors of 86829741.
3, 29, 53, 6277
What are the prime factors of 3370877120?
2, 5, 13, 810307
What are the prime factors of 222069126?
2, 3, 2417, 15313
What are the prime factors of 68059801?
181, 376021
List the prime factors of 2376109557.
3, 491, 537703
List the prime factors of 66115859.
1453, 45503
What are the prime factors of 828032008?
2, 19, 5447579
List the prime factors of 83997.
3, 17, 61
List the prime factors of 101417635.
5, 11, 101, 18257
What are the prime factors of 223573005?
3, 5, 4968289
What are the prime factors of 1027046779?
11, 521, 179209
List the prime factors of 258665378.
2, 139, 839, 1109
List the prime factors of 4117544062.
2, 29, 31, 2290069
What are the prime factors of 4371782403?
3, 3373, 432037
What are the prime factors of 119021279?
13, 67, 136649
What are the prime factors of 12983605?
5, 281, 9241